4
Let j = 50 + -34. Calculate the highest common factor of j and 16.
16
Suppose -2*m + 72 = m. Calculate the highest common factor of m and 3.
3
Let i be -1*-10*3/2. Let b = i - 11. Suppose -3*r = -b*r + 6. What is the greatest common divisor of r and 15?
3
Let l = -17 + 37. Let j be 3*1/2*-2. Let q be (-3 + j)/((-6)/4). Calculate the greatest common divisor of l and q.
4
Let k be (-4)/60*-9 - (-2331)/15. Calculate the highest common divisor of 12 and k.
12
Suppose 3*c - 4 - 2 = u, 4*u - 2*c - 6 = 0. Let t be 13/4 + u/(-12). Calculate the highest common divisor of 15 and t.
3
Let h(i) = i**3 - 3*i**2 + i - 6. Let n be h(5). Suppose 18 = 5*o - 17. Calculate the highest common factor of o and n.
7
Let b = 198 + -171. What is the highest common divisor of b and 9?
9
Let s = 149 + -86. Calculate the highest common factor of s and 7.
7
Suppose 0 = -6*q + 21 + 51. Suppose -3*n - 4*x + 5 = 0, 0 = -5*n - 5*x + x + 11. Calculate the greatest common divisor of n and q.
3
Let i be (1 + -3)*(5 + -6). Let p be 104/6 - 2/(-3). Calculate the greatest common divisor of p and i.
2
Suppose 0 = b + 3 + 2. Let g(s) = s**2 + 2*s - 3. Let j be g(b). What is the highest common factor of 36 and j?
12
Let m be (-36)/(-63) - 31/(-7). What is the greatest common divisor of m and 1?
1
Let o be -2*9/(-6) - -649. Suppose -5*l + 48 + o = 0. What is the greatest common divisor of l and 20?
20
Let u = 35 - 25. What is the highest common divisor of u and 10?
10
Let n be (-14)/((-6)/9 - 0). Let z = -3 - -5. Let o be 13/z + 2/4. Calculate the greatest common factor of o and n.
7
Let w be (-3)/(-3*(-4)/(-480)). Calculate the greatest common divisor of 24 and w.
24
Let i be (1/3)/((-3)/(-18)). What is the highest common factor of i and 2?
2
Let p(d) = -d**3 - 4*d**2 + 4*d + 3. Let m be p(-5). Let f = 6 + -2. Suppose y - m = -y + 2*s, -3*s = y - f. Calculate the greatest common factor of y and 1.
1
Suppose 3*v - 2*y - 28 = 0, 2*y + 36 = 2*v + 5*y. What is the highest common factor of 4 and v?
4
Suppose 2*v - 16 = 2*c - 6, -3*c + 48 = 4*v. Suppose -b - 108 = -4*b. Calculate the greatest common factor of b and v.
9
Suppose -136 = 10*s - 326. Calculate the highest common factor of s and 38.
19
Suppose -4*w - 12 = q, -4*q - 3*w = -q + 9. Suppose 2*j + 5*u - 39 = q, -51 = -4*j + 2*u - 3*u. What is the greatest common divisor of 8 and j?
4
Let u = -27 - -6. Let d = u - -36. Let a = 25 - -35. What is the highest common divisor of a and d?
15
Let i = 25 - 12. Suppose -q - s + 18 = 0, -5*q - 2*s - 45 + 141 = 0. Let r be 268/q + 2/(-5). What is the highest common factor of i and r?
13
Let d = 14 + -11. Calculate the greatest common divisor of d and 2.
1
Let u(w) = -2*w**2 + 5*w + 2. Let o be u(2). Calculate the greatest common factor of o and 1.
1
Suppose -5*j + 0*j = 3*q - 580, 5*q + 382 = 3*j. Let b = j - 32. Calculate the highest common divisor of 29 and b.
29
Suppose 5*t + 10 - 60 = 0. Suppose 0 = 4*z - z - 90. What is the greatest common factor of z and t?
10
Let f(u) be the third derivative of u**5/12 - u**4/6 + u**3/2 - u**2. Let n be f(2). Suppose 4*k + k = n. What is the highest common divisor of 12 and k?
3
Suppose 5*m + 5*c - 25 = 100, 3*m = -c + 81. Calculate the greatest common divisor of m and 42.
14
Suppose -5*a + 26 + 2 = -4*j, -a = 3*j - 17. Let m = 24 + a. Let t = 90 + -42. What is the highest common factor of m and t?
16
Suppose -5*v = c - 9, 1 + 1 = 2*v. Let f(b) = -b - 2. Let x be f(-6). Suppose -q = 3*k - 0 - x, -3*k = 0. Calculate the highest common divisor of c and q.
4
Let l be 43 + (4 + 0 - 6 - -1). What is the greatest common factor of 105 and l?
21
Let w = -43 + 54. Calculate the greatest common divisor of 55 and w.
11
Let t = -1 - 1. Let h(m) = m**3 - 5*m**2 - 4*m + 15. Let c be h(5). Let g be t/c + 474/15. What is the highest common factor of 8 and g?
8
Suppose -x - n - 2*n + 58 = 0, 2*n - 342 = -5*x. What is the highest common divisor of x and 20?
10
Let c(w) = -w. Let o be c(0). Suppose o*a = -a + k + 14, -k = 5*a - 70. What is the greatest common divisor of a and 14?
14
Let v be (1*-39)/(-1) + -2. Calculate the highest common divisor of 185 and v.
37
Let b = 14 + -10. Let r(j) = -j + 8. Let p be r(4). Let m = p + b. What is the highest common divisor of 8 and m?
8
Let i = 53 - 28. Suppose -6 = 4*h - 10. Let w = h - -4. Calculate the greatest common divisor of w and i.
5
Suppose -13*j = -8*j - 330. Calculate the greatest common factor of j and 22.
22
Suppose -u - 108 = -5*j, 3*j - u - 56 = 4*u. What is the highest common divisor of 2 and j?
2
Suppose 5*s + k - 11 - 9 = 0, s = k - 2. Let t(c) = -3*c. Suppose 4 - 1 = -p. Let l be t(p). Calculate the highest common factor of l and s.
3
Let t = 24 - 13. Suppose -b - 3*f = b - 37, b = 3*f - 4. What is the greatest common factor of b and t?
11
Let o = 6 - 2. Suppose 2*c - 6 - 10 = 3*g, -3*g = o*c + 22. Let b be (g/9)/(2/(-9)). What is the greatest common factor of b and 3?
3
Let t be (24/(-10))/((-12)/(-40)). Let b = t + 23. Suppose w - 3*u = 6*w - 591, -5*u = 3*w - 345. What is the highest common factor of b and w?
15
Suppose 8 + 8 = 4*t. Suppose 0 = -2*p + 8, -t*p + 32 = 2*q + p. Calculate the highest common factor of q and 30.
6
Suppose -a - 37 = 3*c, 5*a - 3*c + 43 = 4*a. Let m = a - -97. Calculate the greatest common factor of 19 and m.
19
Let q be 1/(-10)*(-35)/(-2)*-12. What is the greatest common factor of 9 and q?
3
Let u(l) = -52*l - 2. Let w be u(-1). Suppose -3*k + w = -40. What is the highest common divisor of 6 and k?
6
Let t be (-1)/(((-9)/3)/9). Suppose 4*u + 0*j - 226 = t*j, -2*j - 228 = -4*u. Suppose -u = 5*g - 238. What is the greatest common divisor of 9 and g?
9
Suppose 4*v - 22 = 2*g, -3*v + 9 = -0*g - 4*g. What is the highest common divisor of 35 and v?
7
Let s = 78 - 56. What is the greatest common factor of s and 198?
22
Let j(h) be the second derivative of -3*h**5/5 - h**4/12 - h**3/6 + h. Let d be j(-1). What is the greatest common divisor of d and 84?
12
Let q(s) = 16*s**2 + 8*s - 10. Let d be q(1). Let m(b) = 2*b**2 - 1 - 2 + 2 + b. Let x be m(4). What is the greatest common factor of x and d?
7
Let m = 96 - 78. Calculate the highest common factor of m and 54.
18
Suppose 8*y = 3*y + 90. Let z be 6/24 - 46/(-8). Calculate the greatest common divisor of y and z.
6
Suppose -3*i = -4*i + 2. Calculate the highest common divisor of i and 5.
1
Let v = -381 - -590. What is the greatest common factor of 19 and v?
19
Let i(t) = -2*t**2 + 6*t + t**2 - 4 + 3. Let m be i(5). Let q = 13 - -7. Calculate the highest common divisor of q and m.
4
Suppose -9 = -3*d + 36. Calculate the greatest common factor of d and 6.
3
Let j be (0/(-1))/((-6)/(-2)). Suppose -30 = -d - j*d. Calculate the highest common divisor of 6 and d.
6
Let t = -41 + 58. What is the highest common divisor of 34 and t?
17
Let x be (-1 - 2) + 65 + 6. Suppose y - 172 = -y + 4*p, -y + x = 4*p. Let q be (15/6)/((-1)/(-4)). Calculate the greatest common factor of q and y.
10
Let p = -17 + 24. Let l(i) = -i**3 + 9*i**2 - 11*i + 5. Let w be l(p). Let a be (-2)/(-4) + (-258)/(-4). Calculate the greatest common factor of w and a.
13
Let l(k) = -k**3 - 6*k**2 + 16*k + 16. Let t be l(-8). Calculate the greatest common divisor of 16 and t.
16
Let i(o) = -2*o + 2*o + 3*o + 2*o. Let w be i(3). Calculate the greatest common factor of w and 15.
15
Let r be (-1 + 9)/(1 + 1). Let w be r/(4/(-2)) - -4. Suppose -q = -3*z + 64, 2*z + 2*q + 62 = 5*z. What is the highest common factor of w and z?
2
Let q be -2 - (3 - -1)*-3. What is the highest common factor of 30 and q?
10
Suppose 4*b + 6 = 7*b. Let z be 6/b - (1 + -58). Calculate the greatest common divisor of z and 12.
12
Let l be (-4)/(((-2)/(-2))/(-3)). Suppose 0 = -5*g + 41 + 4. Let i be 2/(-3) - (-276)/g. Calculate the greatest common factor of i and l.
6
Let s(z) = 2*z - 3. Let i = 7 + -3. Let y be s(i). Suppose 4*d = -4*o, o - 4*d = 4*o + 5. Calculate the highest common factor of o and y.
5
Let u = 120 + -40. Calculate the greatest common factor of u and 10.
10
Let r be 4 + 6 + 2*1/1. Calculate the greatest common factor of r and 108.
12
Let z(x) = 13*x**2 + 2. Let a be z(-2). Calculate the greatest common divisor of a and 6.
6
Suppose -1 = 2*q + 7, -4*q - 20 = -j. Let l(p) = 4*p - 6. Let a be 